{"id":13,"date":"2023-11-17T15:55:22","date_gmt":"2023-11-17T15:55:22","guid":{"rendered":"https:\/\/www.julien-charlier.fr\/?page_id=13"},"modified":"2025-01-09T21:25:13","modified_gmt":"2025-01-09T21:25:13","slug":"dessin-anime","status":"publish","type":"page","link":"https:\/\/www.julien-charlier.fr\/?page_id=13","title":{"rendered":"Films"},"content":{"rendered":"\n<p>L&rsquo;objet filmique est, nous le savons tous, un fantastique vecteur d&rsquo;\u00e9motion, ce qui est la cl\u00e9 absolue pour communiquer avec un public cible. Cet objet peut prendre plusieurs formes, que ce soit ce que l&rsquo;on appelle \u00ab\u00a0en live\u00a0\u00bb, donc en prise de vue r\u00e9elle, ou le film d&rsquo;animation, en passant par le documentaire.<\/p>\n\n\n\n<p>La forme que prendra le film d\u00e9pend essentiellement du contenu. Ce que vous avez \u00e0 dire d\u00e9finira de quelle fa\u00e7on vous le direz. <\/p>\n\n\n\n<p>Le film documentaire est un genre, une cat\u00e9gorie, connue. Il ne s&rsquo;agit pas bien \u00e9videmment de simplement filmer cr\u00fbment les choses, mais bien d&rsquo;exploiter un fond visuel et historique r\u00e9el et r\u00e9aliste afin de communiquer une histoire, un message. Des fois la plus belle des magie se trouve dans la simplicit\u00e9 d&rsquo;une rencontre, et r\u00e9ussir \u00e0 capturer cet instant de gr\u00e2ce pour le communiquer au public est un cadeau merveilleux. <\/p>\n\n\n\n<p>Le film en prise de vue r\u00e9elle est un objet tr\u00e8s commun, la plupart du temps fictonnel, des fois il peut \u00eatre biographique, ce que l&rsquo;on appelle un biopic. Certaine fois il faut des acteurs, d&rsquo;autres, l&rsquo;on peut arriver \u00e0 faire parler les paysages eux-m\u00eame pour qu&rsquo;ils nous content des histoires. <\/p>\n\n\n\n<p>Le film d&rsquo;animation est un genre sp\u00e9cifique, ou tout est \u00e0 cr\u00e9er. L&rsquo;on peut se servir parfois d&rsquo;\u00e9l\u00e9ments r\u00e9els que l&rsquo;on int\u00e8gre \u00e0 l&rsquo;ensemble, mais la plupart du temps tout est cr\u00e9\u00e9. Il faut savoir que pour faire un film d&rsquo;animation il feutre entre 12 et 24 images (dessin ou photo selon le type d&rsquo;animation) par seconde. C&rsquo;est donc un travail long et laborieux, mais qui permet toutes les id\u00e9es, m\u00eame les plus farfelues, qui seraient d\u00e9licates \u00e0 r\u00e9aliser dans un film en live.<\/p>\n\n\n\n<p>Pour ce type de projet, quelque soit le genre, il faut se dire que ce sont des projets de long terme, qu&rsquo;il faut donc pr\u00e9voir assez \u00e0 l&rsquo;avance pour la r\u00e9alisation globale du projet, et en particulier pour le film d&rsquo;animation. <\/p>\n\n\n\n<p>Un exemple de film que j&rsquo;ai \u00e9crit, r\u00e9alis\u00e9 et mont\u00e9 : \u00ab\u00a0Viens on fait un film\u00a0\u00bb<\/p>\n\n\n\n<p>Le concept et la contrainte \u00e9taient assez simple : Faire un court-m\u00e9trage pour un concours s&rsquo;appelant \u00ab\u00a0Viens on fait un film\u00a0\u00bb lanc\u00e9 par le youtubeur Inthepanda, alias Victor Bonnefoy. J&rsquo;avais deux jours pour faire ce film, car mon acolyte n&rsquo;avait que deux jours de disponible. Bref, ce fut un d\u00e9fi tr\u00e8s int\u00e9ressant \u00e0 relever, et m\u00eame si mes talents d&rsquo;acteur ne sont pas&#8230; ne sont pas tout simplement en fait, j&rsquo;ai ador\u00e9 faire ce projet.<\/p>\n\n\n\n<figure class=\"wp-block-image size-large\"><a href=\"https:\/\/youtu.be\/VlTelrlefYY?si=TZzHwm37iXWNgrIL\" target=\"_blank\"><img loading=\"lazy\" decoding=\"async\" width=\"1024\" height=\"565\" src=\"https:\/\/www.julien-charlier.fr\/wp-content\/uploads\/2025\/01\/Capture-decran-2025-01-09-a-22.15.19-1024x565.png\" alt=\"\" class=\"wp-image-228\" srcset=\"https:\/\/www.julien-charlier.fr\/wp-content\/uploads\/2025\/01\/Capture-decran-2025-01-09-a-22.15.19-1024x565.png 1024w, https:\/\/www.julien-charlier.fr\/wp-content\/uploads\/2025\/01\/Capture-decran-2025-01-09-a-22.15.19-300x166.png 300w, https:\/\/www.julien-charlier.fr\/wp-content\/uploads\/2025\/01\/Capture-decran-2025-01-09-a-22.15.19.png 1446w\" sizes=\"auto, (max-width: 1024px) 100vw, 1024px\" \/><\/a><\/figure>\n\n\n\n<p>Lien direct vers la vid\u00e9o : <a href=\"https:\/\/youtu.be\/VlTelrlefYY?si=TZzHwm37iXWNgrIL\" target=\"_blank\" rel=\"noreferrer noopener\">https:\/\/youtu.be\/VlTelrlefYY?si=TZzHwm37iXWNgrIL<\/a><\/p>\n","protected":false},"excerpt":{"rendered":"<p>L&rsquo;objet filmique est, nous le savons tous, un fantastique vecteur d&rsquo;\u00e9motion, ce qui est la cl\u00e9 absolue pour communiquer avec un public cible. Cet objet peut prendre plusieurs formes, que ce soit ce que l&rsquo;on appelle \u00ab\u00a0en live\u00a0\u00bb, donc en prise de vue r\u00e9elle, ou le film d&rsquo;animation, en passant par le documentaire. La forme [&hellip;]<\/p>\n","protected":false},"author":1,"featured_media":0,"parent":74,"menu_order":0,"comment_status":"closed","ping_status":"closed","template":"","meta":{"footnotes":""},"class_list":["post-13","page","type-page","status-publish","hentry"],"jetpack_sharing_enabled":true,"_links":{"self":[{"href":"https:\/\/www.julien-charlier.fr\/index.php?rest_route=\/wp\/v2\/pages\/13","targetHints":{"allow":["GET"]}}],"collection":[{"href":"https:\/\/www.julien-charlier.fr\/index.php?rest_route=\/wp\/v2\/pages"}],"about":[{"href":"https:\/\/www.julien-charlier.fr\/index.php?rest_route=\/wp\/v2\/types\/page"}],"author":[{"embeddable":true,"href":"https:\/\/www.julien-charlier.fr\/index.php?rest_route=\/wp\/v2\/users\/1"}],"replies":[{"embeddable":true,"href":"https:\/\/www.julien-charlier.fr\/index.php?rest_route=%2Fwp%2Fv2%2Fcomments&post=13"}],"version-history":[{"count":6,"href":"https:\/\/www.julien-charlier.fr\/index.php?rest_route=\/wp\/v2\/pages\/13\/revisions"}],"predecessor-version":[{"id":232,"href":"https:\/\/www.julien-charlier.fr\/index.php?rest_route=\/wp\/v2\/pages\/13\/revisions\/232"}],"up":[{"embeddable":true,"href":"https:\/\/www.julien-charlier.fr\/index.php?rest_route=\/wp\/v2\/pages\/74"}],"wp:attachment":[{"href":"https:\/\/www.julien-charlier.fr\/index.php?rest_route=%2Fwp%2Fv2%2Fmedia&parent=13"}],"curies":[{"name":"wp","href":"https:\/\/api.w.org\/{rel}","templated":true}]}}