{"id":115,"date":"2024-12-27T23:52:24","date_gmt":"2024-12-27T23:52:24","guid":{"rendered":"https:\/\/www.julien-charlier.fr\/?page_id=115"},"modified":"2024-12-27T23:52:24","modified_gmt":"2024-12-27T23:52:24","slug":"relation-client","status":"publish","type":"page","link":"https:\/\/www.julien-charlier.fr\/?page_id=115","title":{"rendered":"Relation client"},"content":{"rendered":"\n<p>J&rsquo;ai cru important d&rsquo;ajouter cette page tant j&rsquo;accorde d&rsquo;importance \u00e0 ce pont en particulier. Je suis tr\u00e8s exigeant sur la qualit\u00e9 de mes visuels, c&rsquo;est une chose qui est certaine. Mais j&rsquo;accorde une importance encore plus particuli\u00e8re \u00e0 ma relation avec mes clients. Pour moi il est important que le client soit impliqu\u00e9 dans le processus de cr\u00e9ation, et que nous \u00e9changions activement sur ce qui se passe. Cependant, cela ne veut pas dire que j&rsquo;attend que le client me donne toutes les id\u00e9es, simplement de pouvoir \u00e9changer ensemble, et d&rsquo;avoir pour le meilleur des r\u00e9sultat, une vraie collaboration. Dans un sens ou dans l&rsquo;autre, les relations \u00e0 sens unique ne me conviennent pas, et je ne peux \u00eatre satisfait de mon travail si je ne suis pas certain d&rsquo;avoir r\u00e9pondu aux attentes de mon clients, mais pour \u00e7a&#8230; Encore faut-il qu&rsquo;il les exprime clairement. D&rsquo;un autre c\u00f4t\u00e9, je ne peux me satisfaire d&rsquo;un client me disant vous faites \u00e7a et c&rsquo;est tout. Encore une fois c&rsquo;est un \u00e9change et je ne suis pas un simple ex\u00e9cutant. <\/p>\n\n\n\n<p>Alors j&rsquo;ai bien conscience que cette page n&rsquo;apporte pas grand chose \u00e0 la finalit\u00e9, mais c&rsquo;\u00e9tait important pour moi de la faire figurer.<\/p>\n","protected":false},"excerpt":{"rendered":"<p>J&rsquo;ai cru important d&rsquo;ajouter cette page tant j&rsquo;accorde d&rsquo;importance \u00e0 ce pont en particulier. Je suis tr\u00e8s exigeant sur la qualit\u00e9 de mes visuels, c&rsquo;est une chose qui est certaine. Mais j&rsquo;accorde une importance encore plus particuli\u00e8re \u00e0 ma relation avec mes clients. Pour moi il est important que le client soit impliqu\u00e9 dans le [&hellip;]<\/p>\n","protected":false},"author":1,"featured_media":0,"parent":0,"menu_order":0,"comment_status":"closed","ping_status":"closed","template":"","meta":{"footnotes":""},"class_list":["post-115","page","type-page","status-publish","hentry"],"jetpack_sharing_enabled":true,"_links":{"self":[{"href":"https:\/\/www.julien-charlier.fr\/index.php?rest_route=\/wp\/v2\/pages\/115","targetHints":{"allow":["GET"]}}],"collection":[{"href":"https:\/\/www.julien-charlier.fr\/index.php?rest_route=\/wp\/v2\/pages"}],"about":[{"href":"https:\/\/www.julien-charlier.fr\/index.php?rest_route=\/wp\/v2\/types\/page"}],"author":[{"embeddable":true,"href":"https:\/\/www.julien-charlier.fr\/index.php?rest_route=\/wp\/v2\/users\/1"}],"replies":[{"embeddable":true,"href":"https:\/\/www.julien-charlier.fr\/index.php?rest_route=%2Fwp%2Fv2%2Fcomments&post=115"}],"version-history":[{"count":1,"href":"https:\/\/www.julien-charlier.fr\/index.php?rest_route=\/wp\/v2\/pages\/115\/revisions"}],"predecessor-version":[{"id":116,"href":"https:\/\/www.julien-charlier.fr\/index.php?rest_route=\/wp\/v2\/pages\/115\/revisions\/116"}],"wp:attachment":[{"href":"https:\/\/www.julien-charlier.fr\/index.php?rest_route=%2Fwp%2Fv2%2Fmedia&parent=115"}],"curies":[{"name":"wp","href":"https:\/\/api.w.org\/{rel}","templated":true}]}}